{"id":477,"date":"2012-11-08T20:13:32","date_gmt":"2012-11-08T19:13:32","guid":{"rendered":"http:\/\/val-baby.com\/?page_id=477"},"modified":"2018-10-18T18:29:21","modified_gmt":"2018-10-18T17:29:21","slug":"siege-auto-red-castle","status":"publish","type":"page","link":"https:\/\/val-baby.com\/?page_id=477","title":{"rendered":"Si\u00e8ge Auto RED CASTLE"},"content":{"rendered":"<table style=\"height: 154px;\" border=\"0\" cellspacing=\"0\" cellpadding=\"0\" width=\"881\">\n<tbody>\n<tr>\n<td valign=\"top\"><a rel=\"attachment wp-att-391\" href=\"https:\/\/val-baby.com\/?attachment_id=391\"><img loading=\"lazy\" decoding=\"async\" class=\"alignnone size-medium wp-image-391\" title=\"Val Baby, location de si\u00e8ge auto pour b\u00e9b\u00e9 \u00e0 Val d'Is\u00e8re\" src=\"https:\/\/val-baby.com\/wp-content\/uploads\/2012\/11\/ValBaby-siege-auto.jpg\" alt=\"Val Baby, location de si\u00e8ge auto pour b\u00e9b\u00e9 \u00e0 Val d'Is\u00e8re\" width=\"300\" height=\"300\" \/><\/a><\/td>\n<td valign=\"top\">\n<p style=\"text-align: left;\"><strong>Si\u00e8ge auto RED CASTLE<\/strong><br \/>\nLe si\u00e8ge-auto RC 2, qui s\u2019utilise d\u00e8s la naissance, a l\u2019avantage de permettre \u00e0 un tout nouveau-n\u00e9 de voyager allong\u00e9 en voiture jusqu\u2019\u00e0 5kg.\u00a0Ce si\u00e8ge-auto s&rsquo;installe dos \u00e0 la route et n&rsquo;occupe qu&rsquo;une seule place m\u00eame en position allong\u00e9e. Son c\u00e2line-t\u00eate assure 3 fonctions : r\u00e9ducteur d&rsquo;assise, cale-t\u00eate et prot\u00e8ge soleil.<\/p>\n<p style=\"text-align: left;\">Le si\u00e8ge-auto\u00a0RC 2 dispose d&rsquo;appuis renforc\u00e9s au niveau de la t\u00eate et des hanches pour une protection optimale en cas de choc lat\u00e9ral. Il peut \u00e9galement s&rsquo;attacher avec la ceinture 3 points de votre v\u00e9hicule.<\/p>\n<p style=\"text-align: left;\">Le si\u00e8ge-auto RC 2\u00a0 se combine tr\u00e8s facilement avec la poussette Shop&rsquo;n Jogg Disc II&#x2122; gr\u00e2ce aux attaches rapides. Vous pouvez utiliser les 4 positions du dossier du si\u00e8ge lorsqu\u2019il est sur le ch\u00e2ssis de la poussette ce qui en fait un v\u00e9ritable petit landau pour les premiers mois de l\u2019enfant.\u00a0Si b\u00e9b\u00e9 s\u2019endort pendant la promenade vous pouvez incliner, voir allonger le dossier du si\u00e8ge ; par contre pendant les p\u00e9riodes d\u2019\u00e9veil il peut s\u2019asseoir et regarder le monde.<\/p>\n<p style=\"text-align: left;\">Hors de la voiture, Le si\u00e8ge auto est \u00e9quip\u00e9 d&rsquo;un ensemble capote, tablier + prot\u00e8ge-soleil ainsi que le prot\u00e8ge-pluie.<br \/>\nCe si\u00e8ge est homologu\u00e9 groupe 0, c\u2019est-\u00e0-dire de la naissance jusqu\u2019\u00e0 9 kg.<\/p>\n<p style=\"text-align: left;\"><strong>Prix : 10 \u20ac par jour<br \/>\n<\/strong><\/p>\n<\/td>\n<td valign=\"top\"><\/td>\n<\/tr>\n<\/tbody>\n<\/table>\n<p><strong>R\u00e9servation par Email<\/strong><\/p>\n<div class=\"wpcf7 no-js\" id=\"wpcf7-f539-o1\" lang=\"en-US\" dir=\"ltr\" data-wpcf7-id=\"539\">\n<div class=\"screen-reader-response\">\n<p role=\"status\" aria-live=\"polite\" aria-atomic=\"true\">\n<ul><\/ul>\n<\/div>\n<form action=\"\/index.php?rest_route=%2Fwp%2Fv2%2Fpages%2F477#wpcf7-f539-o1\" method=\"post\" class=\"wpcf7-form init\" aria-label=\"Contact form\" novalidate=\"novalidate\" data-status=\"init\">\n<fieldset class=\"hidden-fields-container\"><input type=\"hidden\" name=\"_wpcf7\" value=\"539\" \/><input type=\"hidden\" name=\"_wpcf7_version\" value=\"6.1.5\" \/><input type=\"hidden\" name=\"_wpcf7_locale\" value=\"en_US\" \/><input type=\"hidden\" name=\"_wpcf7_unit_tag\" value=\"wpcf7-f539-o1\" \/><input type=\"hidden\" name=\"_wpcf7_container_post\" value=\"0\" \/><input type=\"hidden\" name=\"_wpcf7_posted_data_hash\" value=\"\" \/><input type=\"hidden\" name=\"_wpcf7_recaptcha_response\" value=\"\" \/><br \/>\n<\/fieldset>\n<p>Votre Nom \/ Prenom (obligatoire) <span class=\"wpcf7-form-control-wrap\" data-name=\"your-name\"><input size=\"40\" maxlength=\"400\" class=\"wpcf7-form-control wpcf7-text wpcf7-validates-as-required\" aria-required=\"true\" aria-invalid=\"false\" value=\"\" type=\"text\" name=\"your-name\" \/><\/span>\n<\/p>\n<p>Votre Email (obligatoire) <span class=\"wpcf7-form-control-wrap\" data-name=\"your-email\"><input size=\"40\" maxlength=\"400\" class=\"wpcf7-form-control wpcf7-email wpcf7-validates-as-required wpcf7-text wpcf7-validates-as-email\" aria-required=\"true\" aria-invalid=\"false\" value=\"\" type=\"email\" name=\"your-email\" \/><\/span>\n<\/p>\n<p>Date d\u00b4arriv\u00e9e (obligatoire) <span class=\"wpcf7-form-control-wrap\" data-name=\"datedebut\"><input size=\"40\" maxlength=\"400\" class=\"wpcf7-form-control wpcf7-text wpcf7-validates-as-required walcf7-datepicker\" aria-required=\"true\" aria-invalid=\"false\" placeholder=\"\" value=\"\" type=\"text\" name=\"datedebut\" \/><\/span> au <span class=\"wpcf7-form-control-wrap\" data-name=\"datefin\"><input size=\"40\" maxlength=\"400\" class=\"wpcf7-form-control wpcf7-text wpcf7-validates-as-required walcf7-datepicker\" aria-required=\"true\" aria-invalid=\"false\" placeholder=\"\" value=\"\" type=\"text\" name=\"datefin\" \/><\/span>\n<\/p>\n<p>Votre message et r\u00e9f\u00e9rence du produit voulu<br \/>\n<span class=\"wpcf7-form-control-wrap\" data-name=\"your-message\"><textarea cols=\"40\" rows=\"10\" maxlength=\"2000\" class=\"wpcf7-form-control wpcf7-textarea\" aria-invalid=\"false\" name=\"your-message\"><\/textarea><\/span>\n<\/p>\n<p><span class=\"wpcf7-form-control-wrap\" data-name=\"Confirmation\"><span class=\"wpcf7-form-control wpcf7-acceptance\"><span class=\"wpcf7-list-item\"><label><input type=\"checkbox\" name=\"Confirmation\" value=\"1\" aria-invalid=\"false\" \/><span class=\"wpcf7-list-item-label\">J&rsquo;accepte que mon adresse e-mail soit stock\u00e9e pour apporter une r\u00e9ponse.<\/span><\/label><\/span><\/span><\/span>\n<\/p>\n<p><input class=\"wpcf7-form-control wpcf7-submit has-spinner\" type=\"submit\" value=\"Envoyer\" \/>\n<\/p>\n<div class=\"wpcf7-response-output\" aria-hidden=\"true\"><\/div>\n<\/form>\n<\/div>\n","protected":false},"excerpt":{"rendered":"<p>Si\u00e8ge auto RED CASTLE Le si\u00e8ge-auto RC 2, qui s\u2019utilise d\u00e8s la naissance, a l\u2019avantage de permettre \u00e0 un tout nouveau-n\u00e9 de voyager allong\u00e9 en voiture jusqu\u2019\u00e0 5kg.\u00a0Ce si\u00e8ge-auto s&rsquo;installe dos \u00e0 la route et n&rsquo;occupe qu&rsquo;une seule place m\u00eame en position allong\u00e9e. Son c\u00e2line-t\u00eate assure 3 fonctions : r\u00e9ducteur d&rsquo;assise, cale-t\u00eate et prot\u00e8ge soleil. [&hellip;]<\/p>\n","protected":false},"author":4,"featured_media":0,"parent":0,"menu_order":0,"comment_status":"closed","ping_status":"closed","template":"template-full.php","meta":{"footnotes":""},"class_list":["post-477","page","type-page","status-publish","hentry"],"_links":{"self":[{"href":"https:\/\/val-baby.com\/index.php?rest_route=\/wp\/v2\/pages\/477","targetHints":{"allow":["GET"]}}],"collection":[{"href":"https:\/\/val-baby.com\/index.php?rest_route=\/wp\/v2\/pages"}],"about":[{"href":"https:\/\/val-baby.com\/index.php?rest_route=\/wp\/v2\/types\/page"}],"author":[{"embeddable":true,"href":"https:\/\/val-baby.com\/index.php?rest_route=\/wp\/v2\/users\/4"}],"replies":[{"embeddable":true,"href":"https:\/\/val-baby.com\/index.php?rest_route=%2Fwp%2Fv2%2Fcomments&post=477"}],"version-history":[{"count":1,"href":"https:\/\/val-baby.com\/index.php?rest_route=\/wp\/v2\/pages\/477\/revisions"}],"predecessor-version":[{"id":638,"href":"https:\/\/val-baby.com\/index.php?rest_route=\/wp\/v2\/pages\/477\/revisions\/638"}],"wp:attachment":[{"href":"https:\/\/val-baby.com\/index.php?rest_route=%2Fwp%2Fv2%2Fmedia&parent=477"}],"curies":[{"name":"wp","href":"https:\/\/api.w.org\/{rel}","templated":true}]}}