{"id":391,"date":"2012-10-22T15:12:04","date_gmt":"2012-10-22T14:12:04","guid":{"rendered":"http:\/\/val-baby.com\/wp-content\/uploads\/2010\/11\/ValBaby-location-CombiZip-bebe.jpg"},"modified":"2012-10-22T15:12:04","modified_gmt":"2012-10-22T14:12:04","slug":"valbaby-location-combizip-bebe","status":"inherit","type":"attachment","link":"https:\/\/val-baby.com\/?attachment_id=391","title":{"rendered":"Val Baby, location de combi zip pour b\u00e9b\u00e9 \u00e0 Val d&rsquo;Is\u00e8re"},"author":4,"featured_media":0,"comment_status":"closed","ping_status":"closed","template":"","meta":[],"class_list":["post-391","attachment","type-attachment","status-inherit","hentry"],"description":{"rendered":"<p class=\"attachment\"><a href='https:\/\/val-baby.com\/wp-content\/uploads\/2010\/11\/ValBaby-location-CombiZip-bebe.jpg'><img loading=\"lazy\" decoding=\"async\" width=\"300\" height=\"300\" src=\"https:\/\/val-baby.com\/wp-content\/uploads\/2010\/11\/ValBaby-location-CombiZip-bebe-300x300.jpg\" class=\"attachment-medium size-medium\" alt=\"Val Baby, location de combi zip pour b\u00e9b\u00e9 \u00e0 Val d&#039;Is\u00e8re\" srcset=\"https:\/\/val-baby.com\/wp-content\/uploads\/2010\/11\/ValBaby-location-CombiZip-bebe-300x300.jpg 300w, https:\/\/val-baby.com\/wp-content\/uploads\/2010\/11\/ValBaby-location-CombiZip-bebe-150x150.jpg 150w, https:\/\/val-baby.com\/wp-content\/uploads\/2010\/11\/ValBaby-location-CombiZip-bebe.jpg 720w\" sizes=\"auto, (max-width: 300px) 100vw, 300px\" \/><\/a><\/p>\n"},"caption":{"rendered":""},"alt_text":"Val Baby, location de combi zip pour b\u00e9b\u00e9 \u00e0 Val d'Is\u00e8re","media_type":"image","mime_type":"image\/jpeg","media_details":{"width":"720","height":"720","hwstring_small":"height='96' width='96'","file":"2010\/11\/ValBaby-location-CombiZip-bebe.jpg","sizes":{"thumbnail":{"file":"ValBaby-location-CombiZip-bebe-150x150.jpg","width":"150","height":"150","source_url":"https:\/\/val-baby.com\/wp-content\/uploads\/2010\/11\/ValBaby-location-CombiZip-bebe-150x150.jpg"},"medium":{"file":"ValBaby-location-CombiZip-bebe-300x300.jpg","width":"300","height":"300","source_url":"https:\/\/val-baby.com\/wp-content\/uploads\/2010\/11\/ValBaby-location-CombiZip-bebe-300x300.jpg"},"full":{"file":"ValBaby-location-CombiZip-bebe.jpg","width":720,"height":720,"mime_type":"image\/jpeg","source_url":"https:\/\/val-baby.com\/wp-content\/uploads\/2010\/11\/ValBaby-location-CombiZip-bebe.jpg"}},"image_meta":{"aperture":"0","credit":"","camera":"","caption":"","created_timestamp":"0","copyright":"","focal_length":"0","iso":"0","shutter_speed":"0","title":""}},"post":5,"source_url":"https:\/\/val-baby.com\/wp-content\/uploads\/2010\/11\/ValBaby-location-CombiZip-bebe.jpg","_links":{"self":[{"href":"https:\/\/val-baby.com\/index.php?rest_route=\/wp\/v2\/media\/391","targetHints":{"allow":["GET"]}}],"collection":[{"href":"https:\/\/val-baby.com\/index.php?rest_route=\/wp\/v2\/media"}],"about":[{"href":"https:\/\/val-baby.com\/index.php?rest_route=\/wp\/v2\/types\/attachment"}],"author":[{"embeddable":true,"href":"https:\/\/val-baby.com\/index.php?rest_route=\/wp\/v2\/users\/4"}],"replies":[{"embeddable":true,"href":"https:\/\/val-baby.com\/index.php?rest_route=%2Fwp%2Fv2%2Fcomments&post=391"}],"wp:attached-to":[{"embeddable":true,"post_type":"page","id":5,"href":"https:\/\/val-baby.com\/index.php?rest_route=\/wp\/v2\/pages\/5"}],"curies":[{"name":"wp","href":"https:\/\/api.w.org\/{rel}","templated":true}]}}

Val Baby, location de combi zip pour bébé à Val d&rsquo;Isère

<p class="attachment"><a href='https://val-baby.com/wp-content/uploads/2010/11/ValBaby-location-CombiZip-bebe.jpg'><img loading="lazy" decoding="async" width="300" height="300" src="https://val-baby.com/wp-content/uploads/2010/11/ValBaby-location-CombiZip-bebe-300x300.jpg" class="attachment-medium size-medium" alt="Val Baby, location de combi zip pour bébé à Val d&#039;Isère" srcset="https://val-baby.com/wp-content/uploads/2010/11/ValBaby-location-CombiZip-bebe-300x300.jpg 300w, https://val-baby.com/wp-content/uploads/2010/11/ValBaby-location-CombiZip-bebe-150x150.jpg 150w, https://val-baby.com/wp-content/uploads/2010/11/ValBaby-location-CombiZip-bebe.jpg 720w" sizes="auto, (max-width: 300px) 100vw, 300px" /></a></p>

Val Baby, location de combi zip pour bébé à Val d'Isère
